{"id":38,"date":"2026-03-12T20:08:00","date_gmt":"2026-03-12T20:08:00","guid":{"rendered":"https:\/\/cafesucre.uy\/?page_id=38"},"modified":"2026-03-18T17:57:15","modified_gmt":"2026-03-18T17:57:15","slug":"menu","status":"publish","type":"page","link":"https:\/\/cafesucre.uy\/index.php\/menu\/","title":{"rendered":"Men\u00fa"},"content":{"rendered":"\t\t<div data-elementor-type=\"wp-page\" data-elementor-id=\"38\" class=\"elementor elementor-38\">\n\t\t\t\t<div class=\"elementor-element elementor-element-9663378 e-flex e-con-boxed e-con e-parent\" data-id=\"9663378\" data-element_type=\"container\" data-e-type=\"container\">\n\t\t\t\t\t<div class=\"e-con-inner\">\n\t\t\t\t<div class=\"elementor-element elementor-element-c5ae8ea elementor-widget elementor-widget-spacer\" data-id=\"c5ae8ea\" data-element_type=\"widget\" data-e-type=\"widget\" data-widget_type=\"spacer.default\">\n\t\t\t\t\t\t\t<div class=\"elementor-spacer\">\n\t\t\t<div class=\"elementor-spacer-inner\"><\/div>\n\t\t<\/div>\n\t\t\t\t\t\t<\/div>\n\t\t\t\t\t<\/div>\n\t\t\t\t<\/div>\n\t\t<div class=\"elementor-element elementor-element-08e37a7 e-flex e-con-boxed e-con e-parent\" data-id=\"08e37a7\" data-element_type=\"container\" data-e-type=\"container\">\n\t\t\t\t\t<div class=\"e-con-inner\">\n\t\t\t\t<div class=\"elementor-element elementor-element-e14244a elementor-widget elementor-widget-heading\" data-id=\"e14244a\" data-element_type=\"widget\" data-e-type=\"widget\" data-widget_type=\"heading.default\">\n\t\t\t\t\t<h2 class=\"elementor-heading-title elementor-size-default\">Men\u00fa Caf\u00e9 Sucre<\/h2>\t\t\t\t<\/div>\n\t\t\t\t\t<\/div>\n\t\t\t\t<\/div>\n\t\t<div class=\"elementor-element elementor-element-2c1ba06 e-flex e-con-boxed e-con e-parent\" data-id=\"2c1ba06\" data-element_type=\"container\" data-e-type=\"container\">\n\t\t\t\t\t<div class=\"e-con-inner\">\n\t\t\t\t<div class=\"elementor-element elementor-element-5262259 elementor-widget elementor-widget-heading\" data-id=\"5262259\" data-element_type=\"widget\" data-e-type=\"widget\" data-widget_type=\"heading.default\">\n\t\t\t\t\t<h3 class=\"elementor-heading-title elementor-size-default\">Descubr\u00ed nuestras opciones de caf\u00e9 de especialidad y acompa\u00f1amientos dulces\/salados para disfrutar en cualquier momento del d\u00eda.<\/h3>\t\t\t\t<\/div>\n\t\t\t\t\t<\/div>\n\t\t\t\t<\/div>\n\t\t<div class=\"elementor-element elementor-element-4c67d32 e-flex e-con-boxed e-con e-parent\" data-id=\"4c67d32\" data-element_type=\"container\" data-e-type=\"container\">\n\t\t\t\t\t<div class=\"e-con-inner\">\n\t\t\t\t<div class=\"elementor-element elementor-element-9c94701 elementor-widget elementor-widget-image\" data-id=\"9c94701\" data-element_type=\"widget\" data-e-type=\"widget\" data-widget_type=\"image.default\">\n\t\t\t\t\t\t\t\t\t\t\t\t\t\t\t<img fetchpriority=\"high\" decoding=\"async\" width=\"768\" height=\"432\" src=\"https:\/\/cafesucre.uy\/wp-content\/uploads\/2026\/03\/HERO-MENU-1-768x432.png\" class=\"attachment-medium_large size-medium_large wp-image-244\" alt=\"\" srcset=\"https:\/\/cafesucre.uy\/wp-content\/uploads\/2026\/03\/HERO-MENU-1-768x432.png 768w, https:\/\/cafesucre.uy\/wp-content\/uploads\/2026\/03\/HERO-MENU-1-300x169.png 300w, https:\/\/cafesucre.uy\/wp-content\/uploads\/2026\/03\/HERO-MENU-1-1024x576.png 1024w, https:\/\/cafesucre.uy\/wp-content\/uploads\/2026\/03\/HERO-MENU-1.png 1280w\" sizes=\"(max-width: 768px) 100vw, 768px\" \/>\t\t\t\t\t\t\t\t\t\t\t\t\t\t\t<\/div>\n\t\t\t\t\t<\/div>\n\t\t\t\t<\/div>\n\t\t<div class=\"elementor-element elementor-element-b684246 e-flex e-con-boxed e-con e-parent\" data-id=\"b684246\" data-element_type=\"container\" data-e-type=\"container\">\n\t\t\t\t\t<div class=\"e-con-inner\">\n\t\t\t\t<div class=\"elementor-element elementor-element-c4587cc elementor-align-center elementor-widget elementor-widget-button\" data-id=\"c4587cc\" data-element_type=\"widget\" data-e-type=\"widget\" data-widget_type=\"button.default\">\n\t\t\t\t\t\t\t\t\t\t<a class=\"elementor-button elementor-button-link elementor-size-sm\" href=\"https:\/\/cafesucre.uy\/wp-content\/uploads\/2026\/03\/Menu-Cafe-Sucre-1.pdf\">\n\t\t\t\t\t\t<span class=\"elementor-button-content-wrapper\">\n\t\t\t\t\t\t\t\t\t<span class=\"elementor-button-text\">Ver Men\u00fa Completo (PDF)<\/span>\n\t\t\t\t\t<\/span>\n\t\t\t\t\t<\/a>\n\t\t\t\t\t\t\t\t<\/div>\n\t\t\t\t\t<\/div>\n\t\t\t\t<\/div>\n\t\t<div class=\"elementor-element elementor-element-89b5a37 e-flex e-con-boxed e-con e-parent\" data-id=\"89b5a37\" data-element_type=\"container\" data-e-type=\"container\">\n\t\t\t\t\t<div class=\"e-con-inner\">\n\t\t\t\t<div class=\"elementor-element elementor-element-9430d92 elementor-widget-divider--view-line elementor-widget elementor-widget-divider\" data-id=\"9430d92\" data-element_type=\"widget\" data-e-type=\"widget\" data-widget_type=\"divider.default\">\n\t\t\t\t\t\t\t<div class=\"elementor-divider\">\n\t\t\t<span class=\"elementor-divider-separator\">\n\t\t\t\t\t\t<\/span>\n\t\t<\/div>\n\t\t\t\t\t\t<\/div>\n\t\t\t\t\t<\/div>\n\t\t\t\t<\/div>\n\t\t<div class=\"elementor-element elementor-element-81d3dbb e-flex e-con-boxed e-con e-parent\" data-id=\"81d3dbb\" data-element_type=\"container\" data-e-type=\"container\">\n\t\t\t\t\t<div class=\"e-con-inner\">\n\t\t\t\t<div class=\"elementor-element elementor-element-36e8a15 elementor-widget elementor-widget-heading\" data-id=\"36e8a15\" data-element_type=\"widget\" data-e-type=\"widget\" data-widget_type=\"heading.default\">\n\t\t\t\t\t<h2 class=\"elementor-heading-title elementor-size-default\">Postres por Encargo<\/h2>\t\t\t\t<\/div>\n\t\t\t\t\t<\/div>\n\t\t\t\t<\/div>\n\t\t<div class=\"elementor-element elementor-element-6b97134 e-flex e-con-boxed e-con e-parent\" data-id=\"6b97134\" data-element_type=\"container\" data-e-type=\"container\">\n\t\t\t\t\t<div class=\"e-con-inner\">\n\t\t\t\t<div class=\"elementor-element elementor-element-b369035 elementor-widget elementor-widget-heading\" data-id=\"b369035\" data-element_type=\"widget\" data-e-type=\"widget\" data-widget_type=\"heading.default\">\n\t\t\t\t\t<h3 class=\"elementor-heading-title elementor-size-default\">Algunos de los postres que pod\u00e9s disfrutar en Caf\u00e9 Sucre tambi\u00e9n est\u00e1n disponibles para pedir por encargo.\n\nTortas, dulces y opciones especiales elaboradas por Pastelarte, pensadas para compartir en cumplea\u00f1os, reuniones o momentos especiales.\n\nSi quer\u00e9s hacer un pedido o conocer m\u00e1s opciones, puedes visitar el Instagram en el siguiente enlace o hablar por WhatsApp.<\/h3>\t\t\t\t<\/div>\n\t\t\t\t\t<\/div>\n\t\t\t\t<\/div>\n\t\t<div class=\"elementor-element elementor-element-515670f e-flex e-con-boxed e-con e-parent\" data-id=\"515670f\" data-element_type=\"container\" data-e-type=\"container\">\n\t\t\t\t\t<div class=\"e-con-inner\">\n\t\t\t\t<div class=\"elementor-element elementor-element-6e659ff elementor-align-center elementor-widget elementor-widget-button\" data-id=\"6e659ff\" data-element_type=\"widget\" data-e-type=\"widget\" data-widget_type=\"button.default\">\n\t\t\t\t\t\t\t\t\t\t<a class=\"elementor-button elementor-button-link elementor-size-sm\" href=\"https:\/\/www.instagram.com\/pastelarte_uy?igsh=Y3Vyeml2bTU5cXRx\">\n\t\t\t\t\t\t<span class=\"elementor-button-content-wrapper\">\n\t\t\t\t\t\t\t\t\t<span class=\"elementor-button-text\">Instagram Pastelarte<\/span>\n\t\t\t\t\t<\/span>\n\t\t\t\t\t<\/a>\n\t\t\t\t\t\t\t\t<\/div>\n\t\t\t\t<div class=\"elementor-element elementor-element-6ced1c7 elementor-align-center elementor-widget elementor-widget-button\" data-id=\"6ced1c7\" data-element_type=\"widget\" data-e-type=\"widget\" data-widget_type=\"button.default\">\n\t\t\t\t\t\t\t\t\t\t<a class=\"elementor-button elementor-button-link elementor-size-sm\" href=\"https:\/\/wa.me\/59897476493\">\n\t\t\t\t\t\t<span class=\"elementor-button-content-wrapper\">\n\t\t\t\t\t\t\t\t\t<span class=\"elementor-button-text\">WhatsApp Pastelarte<\/span>\n\t\t\t\t\t<\/span>\n\t\t\t\t\t<\/a>\n\t\t\t\t\t\t\t\t<\/div>\n\t\t\t\t\t<\/div>\n\t\t\t\t<\/div>\n\t\t<div class=\"elementor-element elementor-element-802f73d e-grid e-con-boxed e-con e-parent\" data-id=\"802f73d\" data-element_type=\"container\" data-e-type=\"container\">\n\t\t\t\t\t<div class=\"e-con-inner\">\n\t\t\t\t<div class=\"elementor-element elementor-element-072d129 elementor-widget elementor-widget-image\" data-id=\"072d129\" data-element_type=\"widget\" data-e-type=\"widget\" data-widget_type=\"image.default\">\n\t\t\t\t\t\t\t\t\t\t\t\t\t\t\t<img decoding=\"async\" width=\"300\" height=\"300\" src=\"https:\/\/cafesucre.uy\/wp-content\/uploads\/2026\/03\/Uno-para-Menu.png\" class=\"attachment-large size-large wp-image-329\" alt=\"\" srcset=\"https:\/\/cafesucre.uy\/wp-content\/uploads\/2026\/03\/Uno-para-Menu.png 300w, https:\/\/cafesucre.uy\/wp-content\/uploads\/2026\/03\/Uno-para-Menu-150x150.png 150w\" sizes=\"(max-width: 300px) 100vw, 300px\" \/>\t\t\t\t\t\t\t\t\t\t\t\t\t\t\t<\/div>\n\t\t\t\t<div class=\"elementor-element elementor-element-8dfa8d9 elementor-widget elementor-widget-image\" data-id=\"8dfa8d9\" data-element_type=\"widget\" data-e-type=\"widget\" data-widget_type=\"image.default\">\n\t\t\t\t\t\t\t\t\t\t\t\t\t\t\t<img decoding=\"async\" width=\"300\" height=\"300\" src=\"https:\/\/cafesucre.uy\/wp-content\/uploads\/2026\/03\/Dos-para-Menu.png\" class=\"attachment-large size-large wp-image-328\" alt=\"\" srcset=\"https:\/\/cafesucre.uy\/wp-content\/uploads\/2026\/03\/Dos-para-Menu.png 300w, https:\/\/cafesucre.uy\/wp-content\/uploads\/2026\/03\/Dos-para-Menu-150x150.png 150w\" sizes=\"(max-width: 300px) 100vw, 300px\" \/>\t\t\t\t\t\t\t\t\t\t\t\t\t\t\t<\/div>\n\t\t\t\t<div class=\"elementor-element elementor-element-9e23e8c elementor-widget elementor-widget-image\" data-id=\"9e23e8c\" data-element_type=\"widget\" data-e-type=\"widget\" data-widget_type=\"image.default\">\n\t\t\t\t\t\t\t\t\t\t\t\t\t\t\t<img loading=\"lazy\" decoding=\"async\" width=\"300\" height=\"300\" src=\"https:\/\/cafesucre.uy\/wp-content\/uploads\/2026\/03\/Tres-para-Menu.png\" class=\"attachment-large size-large wp-image-327\" alt=\"\" srcset=\"https:\/\/cafesucre.uy\/wp-content\/uploads\/2026\/03\/Tres-para-Menu.png 300w, https:\/\/cafesucre.uy\/wp-content\/uploads\/2026\/03\/Tres-para-Menu-150x150.png 150w\" sizes=\"(max-width: 300px) 100vw, 300px\" \/>\t\t\t\t\t\t\t\t\t\t\t\t\t\t\t<\/div>\n\t\t\t\t<div class=\"elementor-element elementor-element-2672417 elementor-widget elementor-widget-image\" data-id=\"2672417\" data-element_type=\"widget\" data-e-type=\"widget\" data-widget_type=\"image.default\">\n\t\t\t\t\t\t\t\t\t\t\t\t\t\t\t<img loading=\"lazy\" decoding=\"async\" width=\"300\" height=\"300\" src=\"https:\/\/cafesucre.uy\/wp-content\/uploads\/2026\/03\/Cuatro-para-Menu.png\" class=\"attachment-large size-large wp-image-332\" alt=\"\" srcset=\"https:\/\/cafesucre.uy\/wp-content\/uploads\/2026\/03\/Cuatro-para-Menu.png 300w, https:\/\/cafesucre.uy\/wp-content\/uploads\/2026\/03\/Cuatro-para-Menu-150x150.png 150w\" sizes=\"(max-width: 300px) 100vw, 300px\" \/>\t\t\t\t\t\t\t\t\t\t\t\t\t\t\t<\/div>\n\t\t\t\t<div class=\"elementor-element elementor-element-20f66d8 elementor-widget elementor-widget-image\" data-id=\"20f66d8\" data-element_type=\"widget\" data-e-type=\"widget\" data-widget_type=\"image.default\">\n\t\t\t\t\t\t\t\t\t\t\t\t\t\t\t<img loading=\"lazy\" decoding=\"async\" width=\"300\" height=\"300\" src=\"https:\/\/cafesucre.uy\/wp-content\/uploads\/2026\/03\/Quinto-para-Menu.png\" class=\"attachment-large size-large wp-image-331\" alt=\"\" srcset=\"https:\/\/cafesucre.uy\/wp-content\/uploads\/2026\/03\/Quinto-para-Menu.png 300w, https:\/\/cafesucre.uy\/wp-content\/uploads\/2026\/03\/Quinto-para-Menu-150x150.png 150w\" sizes=\"(max-width: 300px) 100vw, 300px\" \/>\t\t\t\t\t\t\t\t\t\t\t\t\t\t\t<\/div>\n\t\t\t\t<div class=\"elementor-element elementor-element-4f995cf elementor-widget elementor-widget-image\" data-id=\"4f995cf\" data-element_type=\"widget\" data-e-type=\"widget\" data-widget_type=\"image.default\">\n\t\t\t\t\t\t\t\t\t\t\t\t\t\t\t<img loading=\"lazy\" decoding=\"async\" width=\"300\" height=\"300\" src=\"https:\/\/cafesucre.uy\/wp-content\/uploads\/2026\/03\/Seis-para-Menu.png\" class=\"attachment-large size-large wp-image-330\" alt=\"\" srcset=\"https:\/\/cafesucre.uy\/wp-content\/uploads\/2026\/03\/Seis-para-Menu.png 300w, https:\/\/cafesucre.uy\/wp-content\/uploads\/2026\/03\/Seis-para-Menu-150x150.png 150w\" sizes=\"(max-width: 300px) 100vw, 300px\" \/>\t\t\t\t\t\t\t\t\t\t\t\t\t\t\t<\/div>\n\t\t\t\t\t<\/div>\n\t\t\t\t<\/div>\n\t\t\t\t<\/div>\n\t\t","protected":false},"excerpt":{"rendered":"<p>Men\u00fa Caf\u00e9 Sucre Descubr\u00ed nuestras opciones de caf\u00e9 de especialidad y acompa\u00f1amientos dulces\/salados para disfrutar en cualquier momento del d\u00eda. [&hellip;]<\/p>\n","protected":false},"author":1,"featured_media":0,"parent":0,"menu_order":0,"comment_status":"closed","ping_status":"closed","template":"","meta":{"site-sidebar-layout":"no-sidebar","site-content-layout":"","ast-site-content-layout":"full-width-container","site-content-style":"default","site-sidebar-style":"default","ast-global-header-display":"","ast-banner-title-visibility":"","ast-main-header-display":"","ast-hfb-above-header-display":"","ast-hfb-below-header-display":"","ast-hfb-mobile-header-display":"","site-post-title":"disabled","ast-breadcrumbs-content":"","ast-featured-img":"disabled","footer-sml-layout":"","ast-disable-related-posts":"","theme-transparent-header-meta":"","adv-header-id-meta":"","stick-header-meta":"","header-above-stick-meta":"","header-main-stick-meta":"","header-below-stick-meta":"","astra-migrate-meta-layouts":"default","ast-page-background-enabled":"default","ast-page-background-meta":{"desktop":{"background-color":"var(--ast-global-color-5)","background-image":"","background-repeat":"repeat","background-position":"center center","background-size":"auto","background-attachment":"scroll","background-type":"","background-media":"","overlay-type":"","overlay-color":"","overlay-opacity":"","overlay-gradient":""},"tablet":{"background-color":"","background-image":"","background-repeat":"repeat","background-position":"center center","background-size":"auto","background-attachment":"scroll","background-type":"","background-media":"","overlay-type":"","overlay-color":"","overlay-opacity":"","overlay-gradient":""},"mobile":{"background-color":"","background-image":"","background-repeat":"repeat","background-position":"center center","background-size":"auto","background-attachment":"scroll","background-type":"","background-media":"","overlay-type":"","overlay-color":"","overlay-opacity":"","overlay-gradient":""}},"ast-content-background-meta":{"desktop":{"background-color":"var(--ast-global-color-4)","background-image":"","background-repeat":"repeat","background-position":"center center","background-size":"auto","background-attachment":"scroll","background-type":"","background-media":"","overlay-type":"","overlay-color":"","overlay-opacity":"","overlay-gradient":""},"tablet":{"background-color":"var(--ast-global-color-4)","background-image":"","background-repeat":"repeat","background-position":"center center","background-size":"auto","background-attachment":"scroll","background-type":"","background-media":"","overlay-type":"","overlay-color":"","overlay-opacity":"","overlay-gradient":""},"mobile":{"background-color":"var(--ast-global-color-4)","background-image":"","background-repeat":"repeat","background-position":"center center","background-size":"auto","background-attachment":"scroll","background-type":"","background-media":"","overlay-type":"","overlay-color":"","overlay-opacity":"","overlay-gradient":""}},"_joinchat":[],"footnotes":""},"class_list":["post-38","page","type-page","status-publish","hentry"],"_links":{"self":[{"href":"https:\/\/cafesucre.uy\/index.php\/wp-json\/wp\/v2\/pages\/38","targetHints":{"allow":["GET"]}}],"collection":[{"href":"https:\/\/cafesucre.uy\/index.php\/wp-json\/wp\/v2\/pages"}],"about":[{"href":"https:\/\/cafesucre.uy\/index.php\/wp-json\/wp\/v2\/types\/page"}],"author":[{"embeddable":true,"href":"https:\/\/cafesucre.uy\/index.php\/wp-json\/wp\/v2\/users\/1"}],"replies":[{"embeddable":true,"href":"https:\/\/cafesucre.uy\/index.php\/wp-json\/wp\/v2\/comments?post=38"}],"version-history":[{"count":40,"href":"https:\/\/cafesucre.uy\/index.php\/wp-json\/wp\/v2\/pages\/38\/revisions"}],"predecessor-version":[{"id":343,"href":"https:\/\/cafesucre.uy\/index.php\/wp-json\/wp\/v2\/pages\/38\/revisions\/343"}],"wp:attachment":[{"href":"https:\/\/cafesucre.uy\/index.php\/wp-json\/wp\/v2\/media?parent=38"}],"curies":[{"name":"wp","href":"https:\/\/api.w.org\/{rel}","templated":true}]}}